 is 4 - (-8 - -3 - -5)?
4
-19 + 34 - (21 + -3)
-3
Evaluate 10 + -2 - ((18 - -5) + -24).
9
What is the value of 8 - 3 - 2 - 6 - -5 - -1?
3
What is 6 - (-2 - (-10 - -2 - -6))?
6
What is the value of -23 - (5 + -27) - -2?
1
What is the value of (-7 + 4 - (0 - -18 - 2)) + 7?
-12
What is 10 - (25 + -14) - -3?
2
Calculate -17 - (9 - (17 - -3)).
-6
What is 2 + -10 - (-21 + 18 - -5)?
-10
Evaluate -1 + (-6 - 1 - (-22 - -6)).
8
What is 761 - 771 - (-11 + 0)?
1
What is 4 - ((7 - (7 + 5)) + 7) - -4?
6
Evaluate 10 + -6 + 2 + -3.
3
What is the value of 91 + -102 - (2 + 0 - 5)?
-8
What is 5 + -1 + -12 - -13?
5
Evaluate (-6 - (16 - 13)) + (5 - 0).
-4
Evaluate 5 + -2 - ((1 - -1) + -15 + 17).
-1
-1 - 4 - (-13 - (23 + -15 - 14))
2
Calculate 18 - (5 - (9 + -20)).
2
What is 0 + -1 + (1111 - 1115)?
-5
What is the value of 11 + -4 + -7 - 18 - -53?
35
Calculate -11 + 12 - ((0 - -5) + -3).
-1
What is the value of (1 + 3 - -14) + -1 + 7?
24
-1 + -2 + 5 + (-14 - (8 - 24))
4
Calculate 21 + (11 - (-9 + 18 + 1)).
22
What is -8 - (4 - 1 - 4) - (-94 + 81)?
6
What is the value of 7 - (-5 - -14) - -9?
7
What is 23 - (14 + 41 + -27)?
-5
Calculate -22 + -2 + -1 + 10.
-15
What is (6 - -3) + -1 - 3 - -1 - 15?
-9
4 + -4 + 9 - ((11 - 12) + -7)
17
What is the value of -4 - 3 - (9 - ((3 - -14) + -5))?
-4
Evaluate 0 - (24 - (-3 - -17)).
-10
0 - 2 - (6 + (-36 - -19 - -3))
6
25 + -10 + -16 + -1
-2
Calculate 15 + 0 - (-279 + 295).
-1
What is the value of 0 - (3 + -1) - (6 + 7 - 7)?
-8
Calculate -11 + (1 - (-10 + 3 - -2)) - 2.
-7
Calculate -4 + (-5 - -8) - (-9 + 26 - 32).
14
(-6 + 34 - 7) + -15 + 9
15
Calculate (-5 - (1 + -7)) + (29 - 32).
-2
Calculate 24 + (-4 - 9) + 1 + 2.
14
Calculate ((-19 - -13) + 4 - -11) + -39.
-30
What is the value of 14 + -53 + 18 + 9 + -1?
-13
Evaluate -64 - (-12 + (3 - 19)).
-36
Evaluate -3 + 2 + 8 + 3 + 32 + -29.
13
Evaluate -4 - (1 + 4) - -3.
-6
What is 2 - 4 - (-8 + 1 + -7 + 12)?
0
What is (-3 - -45) + (-15 - 6)?
21
What is -2 + 6 + -11 + -2 + (-4 - -6)?
-7
(-12 - (-2 - -2 - 6)) + 16
10
-2 - -37 - (-11 - -16) - 8
22
Calculate (-18 - ((-7 - -3) + -5)) + 1.
-8
Evaluate -3 + 10 - ((18 - 7) + -5).
1
What is the value of 2 + -13 - (-4 + 1)?
-8
(-3 - (-6 + 13)) + 23 - 34
-21
Evaluate (-16 - 0) + (-31 - -93 - 48).
-2
What is (-1 - 5) + (-3 - -2) - 4?
-11
What is 20 - (23 + -4) - (10 - 2) - -32?
25
Evaluate -15 - (1 - 35) - (8 + 0).
11
What is (17 - 8) + -1 - 2 - 5?
1
-14 + -5 + (9 - 3)
-13
Calculate 21 + 26 + -46 + 10 + 0.
11
What is the value of -6 - ((-8 - -16) + -29 + 1 + 5)?
9
-6 + 20 - 8 - (5 + -4)
5
Calculate -2 + 21 + -46 + 27.
0
Calculate 1 + (10 - ((32 - 10) + -14)).
3
What is the value of 683 + -686 + 1 + 7?
5
What is the value of 3 + -1 + -10 + (1 - -21)?
14
Evaluate (5 - (9 + -2) - -29) + -12.
15
-3 - (-14 + 11) - -10
10
What is the value of (31 - (-24 + 31)) + (0 - (-2 + 7))?
19
What is 2 + 23 + (5 - 0) + (59 - 55)?
34
What is -2 + -8 + (6 - -1 - 9)?
-12
Calculate -5 - ((9 - 3) + -5) - 4.
-10
What is the value of (-20 - 11 - -1) + (6 - -6)?
-18
Calculate 19 - (-19 + (13 - (7 + -4))).
28
What is the value of -4 + 23 - 0 - 13?
6
-210 + 224 + (-36 - -2)
-20
What is the value of -11 + 16 + -1 + 63 + -70?
-3
What is (-17 - -28) + 12 + (3 - -2) + -3?
25
Calculate (-2 - 3) + 58 + (-59 - -39).
33
Evaluate (3 - (0 - -6)) + 4 + 18 + -5.
14
What is the value of (26 - 23 - (1 - -24)) + 19 + -12?
-15
What is -2 + -20 - (-1 - (-4 + (-7 - -9)))?
-23
0 - (226 + -225 - (0 - 16))
-17
What is -39 + 13 - (-29 - -23 - (-1 + 2))?
-19
What is 16 + 0 - (233 - 211)?
-6
6 - 5 - (3 - (-6 - -17))
9
What is 8 + 1 + 4 + (44 - 50)?
7
What is the value of (25 - (7 - 3)) + (-4 - 1)?
16
4 - (-14 - (-31 - -50))
37
-26 + 18 - ((11 - 18) + -8)
7
What is 224 + -204 - (4 + 11 + 0)?
5
What is (0 - (0 - -2)) + 190 + -192 - -8?
4
What is -233 - -228 - (-2 - (-3 + 11))?
5
Calculate -11 + (25 - 15) + (-3 - 0) + -3.
-7
Evaluate -12 + (5 + (-7 - 4) - -1).
-17
What is (1 - -8) + 7 + -8 + (-19 - -10)?
-1
Calculate 3 + 7 + -15 + 5.
0
What is the value of (26 - -10) + (25 - 64)?
-3
Calculate (-1 - 2) + (26 + -25 - -10).
8
(-55 - -55) + -39 + 10
-29
5 - (-1 + 7 + -8 + 10 + -9)
6
What is the value of (410 - 415) + (6 - 1)?
0
Calculate (8 - 30 - -32) + 1 + -1.
10
Calculate 9 + (14 + -10 - 11 - -2).
4
Calculate (0 - 6) + -61 + 61.
-6
What is the value of (-7 + 24 + -14 - 19) + 12?
-4
Evaluate 3 + (3 - (-2 - -13)).
-5
Calculate -10 + 16 + (-4 - -4) + -7.
-1
7 - (3 + -2) - (7 - (0 + -9))
-10
What is 7 - ((-16 - -13) + -8)?
18
What is the value of 22 + -28 + 0 + 10 + 4?
8
Calculate 18 + -4 + -10 - (3 + 3).
-2
Calculate (1 - 0) + -1 + -3 - (26 - 21).
-8
What is the value of -22 - (-10 - -2) - -12?
-2
What is 9 + (-2 + (-1 - -5) - (-47 + 42))?
16
Calculate 48 - ((-27 - -31) + 18).
26
(-7 + (-2 - -19) + -4 - 7) + 0
-1
What is the value of 0 + -4 + -4 - (10 + -10)?
-8
What is -3 + (-8 - (-27 + 17))?
-1
-38 - (-30 + -23 - -17)
-2
7 - (-4 + 8) - 9 - 4
-10
What is the value of ((-2 - -20) + -4 - (17 + -10)) + -7?
0
510 + -495 + -17 + 0
-2
What is -8 - (4 + (-6 + 10 - (2 + -5)))?
-19
-14 - (-11 - (34 + -32 + 15))
14
Evaluate -58 - -33 - (4 + -12 - 2).
-15
(0 - -5) + (-1 - 21) + 4 - -2
-11
What is 1 + -9 + -2 - ((12 - 68) + 45)?
1
What is the value of (-13 - -35) + -56 + 3 + 0 + -1?
-32
Calculate 12 + -4 + -4 + 8 + -3 - -1.
10
-10 + (-6 - (2 + -27 - 2))
11
What is -56 - -40 - (-18 - -1)?
1
-88 + 106 - (19 + 3)
-4
What is the value of -3 - 0 - (-13 + 3) - 14 - -4?
-3
Calculate 0 - (24 + (2 + -5 - 10)).
-11
Evaluate -8 - (9 - -7) - -11 - -3.
-10
16 + -14 + 5 + -11
-4
What is -30 + 1 - (-7 - 13)?
-9
Evaluate 13 + (-17 - (-53 - -10) - 13).
26
Evaluate -3 - -10 - (53 - 44).
-2
What is 0 + 2 + -2 + 15 + (8 - 7)?
16
9 + (6 - 11) + (0 - 1) + 13
16
Evaluate -28 + 3 + 1 + -10 + (2 - -11).
-21
3 - 11 - (-11 + (0 - -11))
-8
Evaluate -1 + 9 + (-756 - -709).
-39
-573 - -573 - (0 + -24)
24
Calculate -13 + -15 + 56 + -19.
9
Calculate 1 + -13 - (23 + 7 - 38).
-4
Evaluate 3 + -1 + -20 + 10 + 16 - 7.
1
Evaluate (-18 - -42) + -3 + -8.
13
What is 23 - (4 + (-5 - 2))?
26
What is (2 + -4 - -8) + -21 + 6?
-9
What is the value of -12 - (14 - (10 - 3))?
-19
What is the value of 1 + 16 + -3 + -4?
10
Calculate (13 - -3 - 5) + (1 - -3) - -9.
24
What is (-14 - 12 - -22) + (-3 - (-1 - -1))?
-7
(0 - ((4 - 7) + -1)) + (-1 - -14)
17
-3 - 1 - (-15 + 8 - -7) - -19
15
Evaluate 2 + 1 - (-27 + -22 + 24 + 59).
-31
What is (0 - 0 - -5) + (-3 - 5)?
-3
(-20 - -44 - 14) + -14
-4
-35 - (-29 + (35 - 73))
32
What is (39 - 3) + (68 - 108)?
-4
Calculate -15 + 1 + 6 - -11.
3
What is (3 - (1 - 8)) + 9 - 6?
13
Calculate 11 + (4 - 4) + 10 + 6 + -11.
16
Calculate (-13 + 10 + -10 - -10) + 37.
34
Calculate -16 + (13 + 13 - 6 - 4).
0
Evaluate 6 + -1 + (25 + -11 - (5 - -32)).
-18
Evaluate -20 + 7 - 2 - (1 - 38).
22
Evaluate -20 + (13 - -9 - 8) - -1.
-5
What is the value of -7 - 0 - (19 - 31 - -8)?
-3
Evaluate -44 - (-22 - (-17 - -15)).
-24
What is the value of -9 - (10 + (18 - 14) + 3)?
-26
Evaluate 33 + (24 - 94) + 42.
5
Evaluate -11 + ((3 - 0) + -4 - 3) + 39.
24
Evaluate (-2 - ((-9 - -13) + -16)) + -3 + -1.
6
What is (5 - (-5 - -4)) + -19 + 9 - -7?
3
What is (25 + -29 - (-4 - 0)) + 6 + -4?
2
Evaluate (21 - (0 + 1)) + (-10 - (22 + -25)).
13
Evaluate -19 + 9 + 20 - -7.
17
Calculate -1 + 5 + 6 + -16.
-6
Evaluate -73 + (64 - -7) + (1 - -30).
29
-14 + 24 - 22 - 0
-12
Evaluate (0 + -4 - 1 - -7) + 8.
10
Evaluate -26 + 28 + 11 + -1 + 2.
14
What is the value of -8 + -6 + (5 - 13)?
-22
-14 - ((6 - 38 - -11) + -3)
10
What is the value of -6 - (3 - 2 - -1) - 5?
-13
-11 - (-18 + 2 - -3)
2
Evaluate 10 - -4 - ((116 - 137) + -1 + 14).
22
What is 39 + (-92 - -19 - -35)?
1
(101 - 70) + (1 - 1) + -6
25
What is the value of 9 + -3 + 1 + -25 + 13 - -24?
19
Calculate -32 + (-13 - -33) + -10.
-22
-1 - -3 - (2 + -2 - (-43 - -38))
-3
Calculate -14 + 20 + -35 + (-7 - -16).
-20
Evaluate -1 + (-22 - (-3 + 5 - 10) - -3).
-12
6 - -6 - (8 - 3) - (1 + 14)
-8
Evaluate -6 - (10 - 3 - 11 - -12).
-14
8 + (-11 - -3) + 11
11
What is -8 + (32 - 54) + 49?
19
What is the value of (10 - (22 - 29)) + -28?
-11
-3 + 4 - 2 - (-17 + 1 - -29)
-14
Evaluate (0 - (-17 - -35 - 24)) + 2 + 2.
10
What is (-1 + 20 - (4 + -5)) + -8 - -6?
18
What is the value of 16 - (43 - (-18 + (11 - 3)))?
-37
31 - (20 + 16) - (0 + -9)
4
E